[INFO] cloning repository https://github.com/thealchemist17/rust-todo22
[INFO] running `Command { std: "git" "-c" "credential.helper=" "-c" "credential.helper=/workspace/cargo-home/bin/git-credential-null" "clone" "--bare" "https://github.com/thealchemist17/rust-todo22" "/workspace/cache/git-repos/https%3A%2F%2Fgithub.com%2Fthealchemist17%2Frust-todo22", kill_on_drop: false }`
[INFO] [stderr] Cloning into bare repository '/workspace/cache/git-repos/https%3A%2F%2Fgithub.com%2Fthealchemist17%2Frust-todo22'...
[INFO] running `Command { std: "git" "rev-parse" "HEAD", kill_on_drop: false }`
[INFO] [stdout] 546e62e4bbdf82a4c8d93f058d95b540723fd70e
[INFO] checking thealchemist17/rust-todo22 against master#af3c6e733a40e671550e0f0f5aeecaa13772ba56 for pr-74989
[INFO] running `Command { std: "git" "clone" "/workspace/cache/git-repos/https%3A%2F%2Fgithub.com%2Fthealchemist17%2Frust-todo22" "/workspace/builds/worker-4/source", kill_on_drop: false }`
[INFO] [stderr] Cloning into '/workspace/builds/worker-4/source'...
[INFO] [stderr] done.
[INFO] validating manifest of git repo https://github.com/thealchemist17/rust-todo22 on toolchain af3c6e733a40e671550e0f0f5aeecaa13772ba56
[INFO] running `Command { std: "/workspace/cargo-home/bin/cargo" "+af3c6e733a40e671550e0f0f5aeecaa13772ba56" "read-manifest" "--manifest-path" "Cargo.toml", kill_on_drop: false }`
[INFO] started tweaking git repo https://github.com/thealchemist17/rust-todo22
[INFO] finished tweaking git repo https://github.com/thealchemist17/rust-todo22
[INFO] tweaked toml for git repo https://github.com/thealchemist17/rust-todo22 written to /workspace/builds/worker-4/source/Cargo.toml
[INFO] crate git repo https://github.com/thealchemist17/rust-todo22 already has a lockfile, it will not be regenerated
[INFO] running `Command { std: "/workspace/cargo-home/bin/cargo" "+af3c6e733a40e671550e0f0f5aeecaa13772ba56" "fetch" "--locked" "--manifest-path" "Cargo.toml", kill_on_drop: false }`
[INFO] [stderr]     Blocking waiting for file lock on package cache
[INFO] running `Command { std: "docker" "create" "-v" "/var/lib/crater-agent-workspace/builds/worker-4/target:/opt/rustwide/target:rw,Z" "-v" "/var/lib/crater-agent-workspace/builds/worker-4/source:/opt/rustwide/workdir:ro,Z" "-v" "/var/lib/crater-agent-workspace/cargo-home:/opt/rustwide/cargo-home:ro,Z" "-v" "/var/lib/crater-agent-workspace/rustup-home:/opt/rustwide/rustup-home:ro,Z" "-e" "SOURCE_DIR=/opt/rustwide/workdir" "-e" "CARGO_TARGET_DIR=/opt/rustwide/target" "-e" "CARGO_HOME=/opt/rustwide/cargo-home" "-e" "RUSTUP_HOME=/opt/rustwide/rustup-home" "-w" "/opt/rustwide/workdir" "-m" "1610612736" "--user" "0:0" "--network" "none" "rustops/crates-build-env@sha256:d92eaeed33fa75130ca1ee6c8a01d1ffb62bac859dfdfb3450e3e5d1c0146529" "/opt/rustwide/cargo-home/bin/cargo" "+af3c6e733a40e671550e0f0f5aeecaa13772ba56" "metadata" "--no-deps" "--format-version=1", kill_on_drop: false }`
[INFO] [stdout] b2076eb98c1c691dae6c4194c556b93b00e4a5c536d09c3419f1cd9c91e75e9d
[INFO] [stderr] WARNING: Your kernel does not support swap limit capabilities or the cgroup is not mounted. Memory limited without swap.
[INFO] running `Command { std: "docker" "start" "-a" "b2076eb98c1c691dae6c4194c556b93b00e4a5c536d09c3419f1cd9c91e75e9d", kill_on_drop: false }`
[INFO] running `Command { std: "docker" "inspect" "b2076eb98c1c691dae6c4194c556b93b00e4a5c536d09c3419f1cd9c91e75e9d", kill_on_drop: false }`
[INFO] running `Command { std: "docker" "rm" "-f" "b2076eb98c1c691dae6c4194c556b93b00e4a5c536d09c3419f1cd9c91e75e9d", kill_on_drop: false }`
[INFO] [stdout] b2076eb98c1c691dae6c4194c556b93b00e4a5c536d09c3419f1cd9c91e75e9d
[INFO] running `Command { std: "docker" "create" "-v" "/var/lib/crater-agent-workspace/builds/worker-4/target:/opt/rustwide/target:rw,Z" "-v" "/var/lib/crater-agent-workspace/builds/worker-4/source:/opt/rustwide/workdir:ro,Z" "-v" "/var/lib/crater-agent-workspace/cargo-home:/opt/rustwide/cargo-home:ro,Z" "-v" "/var/lib/crater-agent-workspace/rustup-home:/opt/rustwide/rustup-home:ro,Z" "-e" "SOURCE_DIR=/opt/rustwide/workdir" "-e" "CARGO_TARGET_DIR=/opt/rustwide/target" "-e" "CARGO_INCREMENTAL=0" "-e" "RUST_BACKTRACE=full" "-e" "RUSTFLAGS=--cap-lints=forbid" "-e" "CARGO_HOME=/opt/rustwide/cargo-home" "-e" "RUSTUP_HOME=/opt/rustwide/rustup-home" "-w" "/opt/rustwide/workdir" "-m" "1610612736" "--user" "0:0" "--network" "none" "rustops/crates-build-env@sha256:d92eaeed33fa75130ca1ee6c8a01d1ffb62bac859dfdfb3450e3e5d1c0146529" "/opt/rustwide/cargo-home/bin/cargo" "+af3c6e733a40e671550e0f0f5aeecaa13772ba56" "check" "--frozen" "--all" "--all-targets" "--message-format=json", kill_on_drop: false }`
[INFO] [stdout] 450f1c2eb07dbb68cef86ef8864b0f309546fb077e24dc5c2d185f0720b49c01
[INFO] [stderr] WARNING: Your kernel does not support swap limit capabilities or the cgroup is not mounted. Memory limited without swap.
[INFO] running `Command { std: "docker" "start" "-a" "450f1c2eb07dbb68cef86ef8864b0f309546fb077e24dc5c2d185f0720b49c01", kill_on_drop: false }`
[INFO] [stderr]    Compiling autocfg v0.1.5
[INFO] [stderr]     Checking lazy_static v1.3.0
[INFO] [stderr]    Compiling unicode-xid v0.1.0
[INFO] [stderr]    Compiling syn v0.15.42
[INFO] [stderr]    Compiling winapi v0.3.7
[INFO] [stderr]     Checking ansi_term v0.11.0
[INFO] [stderr]     Checking strsim v0.8.0
[INFO] [stderr]     Checking difference v2.0.0
[INFO] [stderr]     Checking log v0.4.8
[INFO] [stderr]     Checking getrandom v0.1.7
[INFO] [stderr]     Checking rand v0.4.6
[INFO] [stderr]     Checking time v0.1.42
[INFO] [stderr]     Checking atty v0.2.13
[INFO] [stderr]    Compiling proc-macro2 v0.4.30
[INFO] [stderr]     Checking predicates v1.0.1
[INFO] [stderr]     Checking c2-chacha v0.2.2
[INFO] [stderr]     Checking rand_core v0.5.0
[INFO] [stderr]     Checking clap v2.33.0
[INFO] [stderr]    Compiling num-traits v0.2.8
[INFO] [stderr]    Compiling num-integer v0.1.41
[INFO] [stderr]     Checking rand_chacha v0.2.1
[INFO] [stderr]     Checking rand v0.7.0
[INFO] [stderr]    Compiling quote v0.6.13
[INFO] [stderr]     Checking num-traits v0.1.43
[INFO] [stderr]     Checking tempfile v3.1.0
[INFO] [stderr]     Checking cgmath v0.16.1
[INFO] [stderr]     Checking chrono v0.4.7
[INFO] [stderr]    Compiling serde_derive v1.0.98
[INFO] [stderr]     Checking winconsole v0.10.0
[INFO] [stderr]     Checking colored v1.8.0
[INFO] [stderr]     Checking serde v1.0.98
[INFO] [stderr]     Checking serde_json v1.0.40
[INFO] [stderr]     Checking escargot v0.4.0
[INFO] [stderr]     Checking rust-todo22 v0.1.0 (/opt/rustwide/workdir)
[INFO] [stdout] error[E0583]: file not found for module `todo`
[INFO] [stdout]  --> src/main.rs:1:1
[INFO] [stdout]   |
[INFO] [stdout] 1 | mod todo;
[INFO] [stdout]   | ^^^^^^^^^
[INFO] [stdout]   |
[INFO] [stdout]   = help: to create the module `todo`, create file "src/todo.rs"
[INFO] [stdout] 
[INFO] [stdout] 
[INFO] [stdout] error[E0432]: unresolved import `todo::Data`
[INFO] [stdout]  --> src/main.rs:8:5
[INFO] [stdout]   |
[INFO] [stdout] 8 | use todo::Data;
[INFO] [stdout]   |     ^^^^^^^^^^ no `Data` in `todo`
[INFO] [stdout] 
[INFO] [stdout] 
[INFO] [stdout] error[E0433]: failed to resolve: could not find `Priority` in `todo`
[INFO] [stdout]    --> src/main.rs:109:35
[INFO] [stdout]     |
[INFO] [stdout] 109 |             let mut value = todo::Priority::MEDIUM;
[INFO] [stdout]     |                                   ^^^^^^^^ could not find `Priority` in `todo`
[INFO] [stdout] 
[INFO] [stdout] 
[INFO] [stdout] error[E0433]: failed to resolve: could not find `Priority` in `todo`
[INFO] [stdout]    --> src/main.rs:111:42
[INFO] [stdout]     |
[INFO] [stdout] 111 |                 "HIGH" => (value = todo::Priority::HIGH),
[INFO] [stdout]     |                                          ^^^^^^^^ could not find `Priority` in `todo`
[INFO] [stdout] 
[INFO] [stdout] 
[INFO] [stdout] error[E0433]: failed to resolve: could not find `Priority` in `todo`
[INFO] [stdout]    --> src/main.rs:112:44
[INFO] [stdout]     |
[INFO] [stdout] 112 |                 "MEDIUM" => (value = todo::Priority::MEDIUM),
[INFO] [stdout]     |                                            ^^^^^^^^ could not find `Priority` in `todo`
[INFO] [stdout] 
[INFO] [stdout] 
[INFO] [stdout] error[E0433]: failed to resolve: could not find `Priority` in `todo`
[INFO] [stdout]    --> src/main.rs:113:41
[INFO] [stdout]     |
[INFO] [stdout] 113 |                 "LOW" => (value = todo::Priority::LOW),
[INFO] [stdout]     |                                         ^^^^^^^^ could not find `Priority` in `todo`
[INFO] [stdout] 
[INFO] [stdout] 
[INFO] [stdout] error[E0433]: failed to resolve: could not find `State` in `todo`
[INFO] [stdout]    --> src/main.rs:122:35
[INFO] [stdout]     |
[INFO] [stdout] 122 |             let mut value = todo::State::TODO;
[INFO] [stdout]     |                                   ^^^^^ could not find `State` in `todo`
[INFO] [stdout] 
[INFO] [stdout] 
[INFO] [stdout] error[E0433]: failed to resolve: could not find `State` in `todo`
[INFO] [stdout]    --> src/main.rs:124:42
[INFO] [stdout]     |
[INFO] [stdout] 124 |                 "TODO" => (value = todo::State::TODO),
[INFO] [stdout]     |                                          ^^^^^ could not find `State` in `todo`
[INFO] [stdout] 
[INFO] [stdout] 
[INFO] [stdout] error[E0433]: failed to resolve: could not find `State` in `todo`
[INFO] [stdout]    --> src/main.rs:125:46
[INFO] [stdout]     |
[INFO] [stdout] 125 |                 "PROGRESS" => (value = todo::State::PROGRESS),
[INFO] [stdout]     |                                              ^^^^^ could not find `State` in `todo`
[INFO] [stdout] 
[INFO] [stdout] 
[INFO] [stdout] error[E0433]: failed to resolve: could not find `State` in `todo`
[INFO] [stdout]    --> src/main.rs:126:42
[INFO] [stdout]     |
[INFO] [stdout] 126 |                 "DONE" => (value = todo::State::DONE),
[INFO] [stdout]     |                                          ^^^^^ could not find `State` in `todo`
[INFO] [stdout] 
[INFO] [stdout] 
[INFO] [stdout] error: aborting due to 10 previous errors
[INFO] [stdout] 
[INFO] [stdout] 
[INFO] [stdout] Some errors have detailed explanations: E0432, E0433, E0583.
[INFO] [stdout] 
[INFO] [stdout] For more information about an error, try `rustc --explain E0432`.
[INFO] [stdout] 
[INFO] [stderr] error: could not compile `rust-todo22`.
[INFO] [stderr] 
[INFO] [stderr] To learn more, run the command again with --verbose.
[INFO] [stderr] warning: build failed, waiting for other jobs to finish...
[INFO] [stderr] error: build failed
[INFO] running `Command { std: "docker" "inspect" "450f1c2eb07dbb68cef86ef8864b0f309546fb077e24dc5c2d185f0720b49c01", kill_on_drop: false }`
[INFO] running `Command { std: "docker" "rm" "-f" "450f1c2eb07dbb68cef86ef8864b0f309546fb077e24dc5c2d185f0720b49c01", kill_on_drop: false }`
[INFO] [stdout] 450f1c2eb07dbb68cef86ef8864b0f309546fb077e24dc5c2d185f0720b49c01
